{"id":19,"date":"2015-08-27T11:10:12","date_gmt":"2015-08-27T09:10:12","guid":{"rendered":"http:\/\/meerlust.frankweiner.de\/?page_id=19"},"modified":"2018-12-07T11:29:23","modified_gmt":"2018-12-07T10:29:23","slug":"videos","status":"publish","type":"page","link":"https:\/\/meerlust.frankweiner.de\/?page_id=19","title":{"rendered":"Videos"},"content":{"rendered":"<p>Neue Sortierung, aktuellste Videos stehen oben!<\/p>\n<p>Fahrt nach Enkhuizen &#8211; viel zu lang das Video zum anschauen . . . war eher als Man\u00f6ver Anschauungsmaterial f\u00fcr mich selbst gedacht \ud83d\ude42 <\/p>\n<p><iframe loading=\"lazy\" width=\"580\" height=\"326\" src=\"https:\/\/www.youtube.com\/embed\/AYBu-LhD_ik?feature=oembed\" frameborder=\"0\" allow=\"accelerometer; autoplay; encrypted-media; gyroscope; picture-in-picture\" allowfullscreen><\/iframe><\/p>\n<p>&nbsp;<\/p>\n<p>T\u00f6rn am 30.06.2018 zur Vogelinsel De Kreupel &#8211; kurzer Eindruck von Insel und Naturhafen<\/p>\n<p><iframe loading=\"lazy\" width=\"580\" height=\"326\" src=\"https:\/\/www.youtube.com\/embed\/3hJlopwvTBo?feature=oembed\" frameborder=\"0\" allow=\"accelerometer; autoplay; encrypted-media; gyroscope; picture-in-picture\" allowfullscreen><\/iframe><\/p>\n<p>&nbsp;<\/p>\n<p>Letzter Schlag der R\u00fcckf\u00fchrung von Groningen in den Heimathafen Flevo Marina nach Lelystad Mitte April 2018<\/p>\n<p><iframe loading=\"lazy\" width=\"580\" height=\"326\" src=\"https:\/\/www.youtube.com\/embed\/mkGj-P0--ic?feature=oembed\" frameborder=\"0\" allow=\"accelerometer; autoplay; encrypted-media; gyroscope; picture-in-picture\" allowfullscreen><\/iframe><\/p>\n<p>&nbsp;<\/p>\n<p>Fahrt Anfang April 2018 von Haren (Ems) nach Groningen (NL)<\/p>\n<p><iframe loading=\"lazy\" width=\"580\" height=\"326\" src=\"https:\/\/www.youtube.com\/embed\/JVd9j3QQN1E?feature=oembed\" frameborder=\"0\" allow=\"accelerometer; autoplay; encrypted-media; gyroscope; picture-in-picture\" allowfullscreen><\/iframe><\/p>\n<p>&nbsp;<\/p>\n<p>Weiterfahrt am 23.03.2018 von Greven Fuestrup nach Haren (Ems)<\/p>\n<p><iframe loading=\"lazy\" width=\"580\" height=\"326\" src=\"https:\/\/www.youtube.com\/embed\/wHLW8nP0tGU?feature=oembed\" frameborder=\"0\" allow=\"accelerometer; autoplay; encrypted-media; gyroscope; picture-in-picture\" allowfullscreen><\/iframe><\/p>\n<p>&nbsp;<\/p>\n<p>\u00dcberf\u00fchrung von L\u00fcbbecke nach Greven Fuestrup am 16. + 17. Oktober 2017<\/p>\n<p><iframe loading=\"lazy\" width=\"580\" height=\"326\" src=\"https:\/\/www.youtube.com\/embed\/7vwbzgUmJ0w?feature=oembed\" frameborder=\"0\" allow=\"accelerometer; autoplay; encrypted-media; gyroscope; picture-in-picture\" allowfullscreen><\/iframe><\/p>\n<p>&nbsp;<\/p>\n<p>Segeltag 10.10.2015<\/p>\n<p><iframe loading=\"lazy\" width=\"580\" height=\"326\" src=\"https:\/\/www.youtube.com\/embed\/kQBtRhNEOyI?feature=oembed\" frameborder=\"0\" allow=\"accelerometer; autoplay; encrypted-media; gyroscope; picture-in-picture\" allowfullscreen><\/iframe><\/p>\n<p>&nbsp;<\/p>\n<p>Die \u00dcberf\u00fchrung der Meerlust vom Hafen Bottrop\/ Essen nach Lelystad:<\/p>\n<p><iframe loading=\"lazy\" width=\"580\" height=\"326\" src=\"https:\/\/www.youtube.com\/embed\/PuKrAJc26mc?feature=oembed\" frameborder=\"0\" allow=\"accelerometer; autoplay; encrypted-media; gyroscope; picture-in-picture\" allowfullscreen><\/iframe><\/p>\n<p>&nbsp;<\/p>\n","protected":false},"excerpt":{"rendered":"<p>Neue Sortierung, aktuellste Videos stehen oben! Fahrt nach Enkhuizen &#8211; viel zu lang das Video zum anschauen . . . war eher als Man\u00f6ver Anschauungsmaterial f\u00fcr mich selbst gedacht \ud83d\ude42 &nbsp; T\u00f6rn am 30.06.2018 zur Vogelinsel De Kreupel &#8211; kurzer Eindruck von Insel und Naturhafen &nbsp; Letzter Schlag der R\u00fcckf\u00fchrung von Groningen in den Heimathafen [&hellip;]<\/p>\n","protected":false},"author":1,"featured_media":0,"parent":0,"menu_order":3,"comment_status":"closed","ping_status":"closed","template":"","meta":{"ngg_post_thumbnail":0},"_links":{"self":[{"href":"https:\/\/meerlust.frankweiner.de\/index.php?rest_route=\/wp\/v2\/pages\/19"}],"collection":[{"href":"https:\/\/meerlust.frankweiner.de\/index.php?rest_route=\/wp\/v2\/pages"}],"about":[{"href":"https:\/\/meerlust.frankweiner.de\/index.php?rest_route=\/wp\/v2\/types\/page"}],"author":[{"embeddable":true,"href":"https:\/\/meerlust.frankweiner.de\/index.php?rest_route=\/wp\/v2\/users\/1"}],"replies":[{"embeddable":true,"href":"https:\/\/meerlust.frankweiner.de\/index.php?rest_route=%2Fwp%2Fv2%2Fcomments&post=19"}],"version-history":[{"count":17,"href":"https:\/\/meerlust.frankweiner.de\/index.php?rest_route=\/wp\/v2\/pages\/19\/revisions"}],"predecessor-version":[{"id":850,"href":"https:\/\/meerlust.frankweiner.de\/index.php?rest_route=\/wp\/v2\/pages\/19\/revisions\/850"}],"wp:attachment":[{"href":"https:\/\/meerlust.frankweiner.de\/index.php?rest_route=%2Fwp%2Fv2%2Fmedia&parent=19"}],"curies":[{"name":"wp","href":"https:\/\/api.w.org\/{rel}","templated":true}]}}