{"id":456,"date":"2017-06-27T21:36:34","date_gmt":"2017-06-27T19:36:34","guid":{"rendered":"http:\/\/meerlust.frankweiner.de\/?page_id=456"},"modified":"2021-06-08T11:56:25","modified_gmt":"2021-06-08T09:56:25","slug":"sommer-2017","status":"publish","type":"page","link":"https:\/\/meerlust.frankweiner.de\/?page_id=456","title":{"rendered":"Sommer 2017"},"content":{"rendered":"<p><!-- index.php -->\n<div\n\tclass=\"ngg-galleryoverview ngg-ajax-pagination-none\"\n\tid=\"ngg-gallery-508-1\">\n\n    \t\t<!-- Thumbnails -->\n\t\t\t\t<div id=\"ngg-image-0\" class=\"ngg-gallery-thumbnail-box\" >\n\t\t\t\t        <div class=\"ngg-gallery-thumbnail\">\n            <a href=\"https:\/\/meerlust.frankweiner.de\/wp-content\/gallery\/Sommer-2017\/IMG_2914.jpg\"\n               title=\"Eine andere Perspektive. Vom Nachbarsteg #15\"\n               data-src=\"https:\/\/meerlust.frankweiner.de\/wp-content\/gallery\/Sommer-2017\/IMG_2914.jpg\"\n               data-thumbnail=\"https:\/\/meerlust.frankweiner.de\/wp-content\/gallery\/Sommer-2017\/thumbs\/thumbs_IMG_2914.jpg\"\n               data-image-id=\"43\"\n               data-title=\"Eine andere Perspektive. Vom Nachbarsteg #15\"\n               data-description=\"Eine andere Perspektive. Vom Nachbarsteg #15\"\n               data-image-slug=\"img_2914\"\n               class=\"ngg-fancybox\" rel=\"508\">\n                <img\n                    title=\"Eine andere Perspektive. Vom Nachbarsteg #15\"\n                    alt=\"Eine andere Perspektive. Vom Nachbarsteg #15\"\n                    src=\"https:\/\/meerlust.frankweiner.de\/wp-content\/gallery\/Sommer-2017\/thumbs\/thumbs_IMG_2914.jpg\"\n                    width=\"240\"\n                    height=\"160\"\n                    style=\"max-width:100%;\"\n                \/>\n            <\/a>\n        <\/div>\n\t\t\t\t\t\t\t<\/div> \n\t\t\t\n        \n\t\t\t\t<div id=\"ngg-image-1\" class=\"ngg-gallery-thumbnail-box\" >\n\t\t\t\t        <div class=\"ngg-gallery-thumbnail\">\n            <a href=\"https:\/\/meerlust.frankweiner.de\/wp-content\/gallery\/Sommer-2017\/IMG_2915.jpg\"\n               title=\"Und seitlich von hinten\"\n               data-src=\"https:\/\/meerlust.frankweiner.de\/wp-content\/gallery\/Sommer-2017\/IMG_2915.jpg\"\n               data-thumbnail=\"https:\/\/meerlust.frankweiner.de\/wp-content\/gallery\/Sommer-2017\/thumbs\/thumbs_IMG_2915.jpg\"\n               data-image-id=\"44\"\n               data-title=\"Und seitlich von hinten\"\n               data-description=\"Und seitlich von hinten\"\n               data-image-slug=\"img_2915\"\n               class=\"ngg-fancybox\" rel=\"508\">\n                <img\n                    title=\"Und seitlich von hinten\"\n                    alt=\"Und seitlich von hinten\"\n                    src=\"https:\/\/meerlust.frankweiner.de\/wp-content\/gallery\/Sommer-2017\/thumbs\/thumbs_IMG_2915.jpg\"\n                    width=\"240\"\n                    height=\"160\"\n                    style=\"max-width:100%;\"\n                \/>\n            <\/a>\n        <\/div>\n\t\t\t\t\t\t\t<\/div> \n\t\t\t\n        \n\t\t\t\t<div id=\"ngg-image-2\" class=\"ngg-gallery-thumbnail-box\" >\n\t\t\t\t        <div class=\"ngg-gallery-thumbnail\">\n            <a href=\"https:\/\/meerlust.frankweiner.de\/wp-content\/gallery\/Sommer-2017\/IMG_2887.jpg\"\n               title=\"Abendstimmung\"\n               data-src=\"https:\/\/meerlust.frankweiner.de\/wp-content\/gallery\/Sommer-2017\/IMG_2887.jpg\"\n               data-thumbnail=\"https:\/\/meerlust.frankweiner.de\/wp-content\/gallery\/Sommer-2017\/thumbs\/thumbs_IMG_2887.jpg\"\n               data-image-id=\"41\"\n               data-title=\"Abendstimmung\"\n               data-description=\"Abendstimmung\"\n               data-image-slug=\"img_2887\"\n               class=\"ngg-fancybox\" rel=\"508\">\n                <img\n                    title=\"Abendstimmung\"\n                    alt=\"Abendstimmung\"\n                    src=\"https:\/\/meerlust.frankweiner.de\/wp-content\/gallery\/Sommer-2017\/thumbs\/thumbs_IMG_2887.jpg\"\n                    width=\"240\"\n                    height=\"160\"\n                    style=\"max-width:100%;\"\n                \/>\n            <\/a>\n        <\/div>\n\t\t\t\t\t\t\t<\/div> \n\t\t\t\n        \n\t\t\t\t<div id=\"ngg-image-3\" class=\"ngg-gallery-thumbnail-box\" >\n\t\t\t\t        <div class=\"ngg-gallery-thumbnail\">\n            <a href=\"https:\/\/meerlust.frankweiner.de\/wp-content\/gallery\/Sommer-2017\/IMG_2886-1.jpg\"\n               title=\"Bier und Chips und Fussball\"\n               data-src=\"https:\/\/meerlust.frankweiner.de\/wp-content\/gallery\/Sommer-2017\/IMG_2886-1.jpg\"\n               data-thumbnail=\"https:\/\/meerlust.frankweiner.de\/wp-content\/gallery\/Sommer-2017\/thumbs\/thumbs_IMG_2886-1.jpg\"\n               data-image-id=\"40\"\n               data-title=\"Bier und Chips\"\n               data-description=\"Bier und Chips und Fussball\"\n               data-image-slug=\"img_2886-1\"\n               class=\"ngg-fancybox\" rel=\"508\">\n                <img\n                    title=\"Bier und Chips\"\n                    alt=\"Bier und Chips\"\n                    src=\"https:\/\/meerlust.frankweiner.de\/wp-content\/gallery\/Sommer-2017\/thumbs\/thumbs_IMG_2886-1.jpg\"\n                    width=\"240\"\n                    height=\"160\"\n                    style=\"max-width:100%;\"\n                \/>\n            <\/a>\n        <\/div>\n\t\t\t\t\t\t\t<\/div> \n\t\t\t\n        \n\t\t\t\t<div id=\"ngg-image-4\" class=\"ngg-gallery-thumbnail-box\" >\n\t\t\t\t        <div class=\"ngg-gallery-thumbnail\">\n            <a href=\"https:\/\/meerlust.frankweiner.de\/wp-content\/gallery\/Sommer-2017\/IMG_2924.jpg\"\n               title=\"Sehr sch\u00f6n\"\n               data-src=\"https:\/\/meerlust.frankweiner.de\/wp-content\/gallery\/Sommer-2017\/IMG_2924.jpg\"\n               data-thumbnail=\"https:\/\/meerlust.frankweiner.de\/wp-content\/gallery\/Sommer-2017\/thumbs\/thumbs_IMG_2924.jpg\"\n               data-image-id=\"48\"\n               data-title=\"Sehr sch\u00f6n\"\n               data-description=\"Sehr sch\u00f6n\"\n               data-image-slug=\"img_2924\"\n               class=\"ngg-fancybox\" rel=\"508\">\n                <img\n                    title=\"Sehr sch\u00f6n\"\n                    alt=\"Sehr sch\u00f6n\"\n                    src=\"https:\/\/meerlust.frankweiner.de\/wp-content\/gallery\/Sommer-2017\/thumbs\/thumbs_IMG_2924.jpg\"\n                    width=\"240\"\n                    height=\"160\"\n                    style=\"max-width:100%;\"\n                \/>\n            <\/a>\n        <\/div>\n\t\t\t\t\t\t\t<\/div> \n\t\t\t\n        \n\t\t\t\t<div id=\"ngg-image-5\" class=\"ngg-gallery-thumbnail-box\" >\n\t\t\t\t        <div class=\"ngg-gallery-thumbnail\">\n            <a href=\"https:\/\/meerlust.frankweiner.de\/wp-content\/gallery\/Sommer-2017\/IMG_2916.jpg\"\n               title=\"Ein anderer Tag. Weniger Sonne. Nicht weniger sch\u00f6n.\"\n               data-src=\"https:\/\/meerlust.frankweiner.de\/wp-content\/gallery\/Sommer-2017\/IMG_2916.jpg\"\n               data-thumbnail=\"https:\/\/meerlust.frankweiner.de\/wp-content\/gallery\/Sommer-2017\/thumbs\/thumbs_IMG_2916.jpg\"\n               data-image-id=\"45\"\n               data-title=\"Ein anderer Tag. Weniger Sonne. Nicht weniger sch\u00f6n.\"\n               data-description=\"Ein anderer Tag. Weniger Sonne. Nicht weniger sch\u00f6n.\"\n               data-image-slug=\"img_2916\"\n               class=\"ngg-fancybox\" rel=\"508\">\n                <img\n                    title=\"Ein anderer Tag. Weniger Sonne. Nicht weniger sch\u00f6n.\"\n                    alt=\"Ein anderer Tag. Weniger Sonne. Nicht weniger sch\u00f6n.\"\n                    src=\"https:\/\/meerlust.frankweiner.de\/wp-content\/gallery\/Sommer-2017\/thumbs\/thumbs_IMG_2916.jpg\"\n                    width=\"240\"\n                    height=\"160\"\n                    style=\"max-width:100%;\"\n                \/>\n            <\/a>\n        <\/div>\n\t\t\t\t\t\t\t<\/div> \n\t\t\t\n        \n\t\t\t\t<div id=\"ngg-image-6\" class=\"ngg-gallery-thumbnail-box\" >\n\t\t\t\t        <div class=\"ngg-gallery-thumbnail\">\n            <a href=\"https:\/\/meerlust.frankweiner.de\/wp-content\/gallery\/Sommer-2017\/IMG_2931.jpg\"\n               title=\"Der erste Blick am Morgen . . .\"\n               data-src=\"https:\/\/meerlust.frankweiner.de\/wp-content\/gallery\/Sommer-2017\/IMG_2931.jpg\"\n               data-thumbnail=\"https:\/\/meerlust.frankweiner.de\/wp-content\/gallery\/Sommer-2017\/thumbs\/thumbs_IMG_2931.jpg\"\n               data-image-id=\"54\"\n               data-title=\"Der erste Blick am Morgen . . .\"\n               data-description=\"Der erste Blick am Morgen . . .\"\n               data-image-slug=\"img_2931\"\n               class=\"ngg-fancybox\" rel=\"508\">\n                <img\n                    title=\"Der erste Blick am Morgen . . .\"\n                    alt=\"Der erste Blick am Morgen . . .\"\n                    src=\"https:\/\/meerlust.frankweiner.de\/wp-content\/gallery\/Sommer-2017\/thumbs\/thumbs_IMG_2931.jpg\"\n                    width=\"240\"\n                    height=\"160\"\n                    style=\"max-width:100%;\"\n                \/>\n            <\/a>\n        <\/div>\n\t\t\t\t\t\t\t<\/div> \n\t\t\t\n        \n\t\t\t\t<div id=\"ngg-image-7\" class=\"ngg-gallery-thumbnail-box\" >\n\t\t\t\t        <div class=\"ngg-gallery-thumbnail\">\n            <a href=\"https:\/\/meerlust.frankweiner.de\/wp-content\/gallery\/Sommer-2017\/IMG_2930.jpg\"\n               title=\". . . aus dieser Koje\"\n               data-src=\"https:\/\/meerlust.frankweiner.de\/wp-content\/gallery\/Sommer-2017\/IMG_2930.jpg\"\n               data-thumbnail=\"https:\/\/meerlust.frankweiner.de\/wp-content\/gallery\/Sommer-2017\/thumbs\/thumbs_IMG_2930.jpg\"\n               data-image-id=\"53\"\n               data-title=\". . . aus dieser Koje\"\n               data-description=\". . . aus dieser Koje\"\n               data-image-slug=\"img_2930\"\n               class=\"ngg-fancybox\" rel=\"508\">\n                <img\n                    title=\". . . aus dieser Koje\"\n                    alt=\". . . aus dieser Koje\"\n                    src=\"https:\/\/meerlust.frankweiner.de\/wp-content\/gallery\/Sommer-2017\/thumbs\/thumbs_IMG_2930.jpg\"\n                    width=\"240\"\n                    height=\"160\"\n                    style=\"max-width:100%;\"\n                \/>\n            <\/a>\n        <\/div>\n\t\t\t\t\t\t\t<\/div> \n\t\t\t\n        \n\t\t\t\t<div id=\"ngg-image-8\" class=\"ngg-gallery-thumbnail-box\" >\n\t\t\t\t        <div class=\"ngg-gallery-thumbnail\">\n            <a href=\"https:\/\/meerlust.frankweiner.de\/wp-content\/gallery\/Sommer-2017\/IMG_2888.jpg\"\n               title=\"Ein nettes Geschenk - von Anfang an dabei\"\n               data-src=\"https:\/\/meerlust.frankweiner.de\/wp-content\/gallery\/Sommer-2017\/IMG_2888.jpg\"\n               data-thumbnail=\"https:\/\/meerlust.frankweiner.de\/wp-content\/gallery\/Sommer-2017\/thumbs\/thumbs_IMG_2888.jpg\"\n               data-image-id=\"42\"\n               data-title=\"Ein nettes Geschenk - von Anfang an dabei\"\n               data-description=\"Ein nettes Geschenk - von Anfang an dabei\"\n               data-image-slug=\"img_2888\"\n               class=\"ngg-fancybox\" rel=\"508\">\n                <img\n                    title=\"Ein nettes Geschenk - von Anfang an dabei\"\n                    alt=\"Ein nettes Geschenk - von Anfang an dabei\"\n                    src=\"https:\/\/meerlust.frankweiner.de\/wp-content\/gallery\/Sommer-2017\/thumbs\/thumbs_IMG_2888.jpg\"\n                    width=\"240\"\n                    height=\"160\"\n                    style=\"max-width:100%;\"\n                \/>\n            <\/a>\n        <\/div>\n\t\t\t\t\t\t\t<\/div> \n\t\t\t\n        \n\t\t\t\t<div id=\"ngg-image-9\" class=\"ngg-gallery-thumbnail-box\" >\n\t\t\t\t        <div class=\"ngg-gallery-thumbnail\">\n            <a href=\"https:\/\/meerlust.frankweiner.de\/wp-content\/gallery\/Sommer-2017\/IMG_2922.jpg\"\n               title=\"M\u00e4nnerfr\u00fchst\u00fcck\"\n               data-src=\"https:\/\/meerlust.frankweiner.de\/wp-content\/gallery\/Sommer-2017\/IMG_2922.jpg\"\n               data-thumbnail=\"https:\/\/meerlust.frankweiner.de\/wp-content\/gallery\/Sommer-2017\/thumbs\/thumbs_IMG_2922.jpg\"\n               data-image-id=\"47\"\n               data-title=\"M\u00e4nnerfr\u00fchst\u00fcck\"\n               data-description=\"M\u00e4nnerfr\u00fchst\u00fcck\"\n               data-image-slug=\"img_2922\"\n               class=\"ngg-fancybox\" rel=\"508\">\n                <img\n                    title=\"M\u00e4nnerfr\u00fchst\u00fcck\"\n                    alt=\"M\u00e4nnerfr\u00fchst\u00fcck\"\n                    src=\"https:\/\/meerlust.frankweiner.de\/wp-content\/gallery\/Sommer-2017\/thumbs\/thumbs_IMG_2922.jpg\"\n                    width=\"240\"\n                    height=\"160\"\n                    style=\"max-width:100%;\"\n                \/>\n            <\/a>\n        <\/div>\n\t\t\t\t\t\t\t<\/div> \n\t\t\t\n        \n\t\t\t\t<div id=\"ngg-image-10\" class=\"ngg-gallery-thumbnail-box\" >\n\t\t\t\t        <div class=\"ngg-gallery-thumbnail\">\n            <a href=\"https:\/\/meerlust.frankweiner.de\/wp-content\/gallery\/Sommer-2017\/IMG_2932.jpg\"\n               title=\"Der &quot;Ofen&quot;\"\n               data-src=\"https:\/\/meerlust.frankweiner.de\/wp-content\/gallery\/Sommer-2017\/IMG_2932.jpg\"\n               data-thumbnail=\"https:\/\/meerlust.frankweiner.de\/wp-content\/gallery\/Sommer-2017\/thumbs\/thumbs_IMG_2932.jpg\"\n               data-image-id=\"55\"\n               data-title=\"Der &quot;Ofen&quot;\"\n               data-description=\"Der &quot;Ofen&quot;\"\n               data-image-slug=\"img_2932\"\n               class=\"ngg-fancybox\" rel=\"508\">\n                <img\n                    title=\"Der &quot;Ofen&quot;\"\n                    alt=\"Der &quot;Ofen&quot;\"\n                    src=\"https:\/\/meerlust.frankweiner.de\/wp-content\/gallery\/Sommer-2017\/thumbs\/thumbs_IMG_2932.jpg\"\n                    width=\"240\"\n                    height=\"160\"\n                    style=\"max-width:100%;\"\n                \/>\n            <\/a>\n        <\/div>\n\t\t\t\t\t\t\t<\/div> \n\t\t\t\n        \n\t\t\t\t<div id=\"ngg-image-11\" class=\"ngg-gallery-thumbnail-box\" >\n\t\t\t\t        <div class=\"ngg-gallery-thumbnail\">\n            <a href=\"https:\/\/meerlust.frankweiner.de\/wp-content\/gallery\/Sommer-2017\/IMG_2926.jpg\"\n               title=\"Ausflug nach Lelystad\"\n               data-src=\"https:\/\/meerlust.frankweiner.de\/wp-content\/gallery\/Sommer-2017\/IMG_2926.jpg\"\n               data-thumbnail=\"https:\/\/meerlust.frankweiner.de\/wp-content\/gallery\/Sommer-2017\/thumbs\/thumbs_IMG_2926.jpg\"\n               data-image-id=\"49\"\n               data-title=\"Ausflug nach Lelystad\"\n               data-description=\"Ausflug nach Lelystad\"\n               data-image-slug=\"img_2926\"\n               class=\"ngg-fancybox\" rel=\"508\">\n                <img\n                    title=\"Ausflug nach Lelystad\"\n                    alt=\"Ausflug nach Lelystad\"\n                    src=\"https:\/\/meerlust.frankweiner.de\/wp-content\/gallery\/Sommer-2017\/thumbs\/thumbs_IMG_2926.jpg\"\n                    width=\"240\"\n                    height=\"160\"\n                    style=\"max-width:100%;\"\n                \/>\n            <\/a>\n        <\/div>\n\t\t\t\t\t\t\t<\/div> \n\t\t\t\n        \n\t\t\t\t<div id=\"ngg-image-12\" class=\"ngg-gallery-thumbnail-box\" >\n\t\t\t\t        <div class=\"ngg-gallery-thumbnail\">\n            <a href=\"https:\/\/meerlust.frankweiner.de\/wp-content\/gallery\/Sommer-2017\/IMG_2929.jpg\"\n               title=\"Interessante Objekte im Hafen\"\n               data-src=\"https:\/\/meerlust.frankweiner.de\/wp-content\/gallery\/Sommer-2017\/IMG_2929.jpg\"\n               data-thumbnail=\"https:\/\/meerlust.frankweiner.de\/wp-content\/gallery\/Sommer-2017\/thumbs\/thumbs_IMG_2929.jpg\"\n               data-image-id=\"52\"\n               data-title=\"Interessante Objekte im Hafen\"\n               data-description=\"Interessante Objekte im Hafen\"\n               data-image-slug=\"img_2929\"\n               class=\"ngg-fancybox\" rel=\"508\">\n                <img\n                    title=\"Interessante Objekte im Hafen\"\n                    alt=\"Interessante Objekte im Hafen\"\n                    src=\"https:\/\/meerlust.frankweiner.de\/wp-content\/gallery\/Sommer-2017\/thumbs\/thumbs_IMG_2929.jpg\"\n                    width=\"240\"\n                    height=\"160\"\n                    style=\"max-width:100%;\"\n                \/>\n            <\/a>\n        <\/div>\n\t\t\t\t\t\t\t<\/div> \n\t\t\t\n        \n\t\t\t\t<div id=\"ngg-image-13\" class=\"ngg-gallery-thumbnail-box\" >\n\t\t\t\t        <div class=\"ngg-gallery-thumbnail\">\n            <a href=\"https:\/\/meerlust.frankweiner.de\/wp-content\/gallery\/Sommer-2017\/IMG_2928.jpg\"\n               title=\"Sehr interessante Objekte. Ist es schon wieder soweit?\"\n               data-src=\"https:\/\/meerlust.frankweiner.de\/wp-content\/gallery\/Sommer-2017\/IMG_2928.jpg\"\n               data-thumbnail=\"https:\/\/meerlust.frankweiner.de\/wp-content\/gallery\/Sommer-2017\/thumbs\/thumbs_IMG_2928.jpg\"\n               data-image-id=\"51\"\n               data-title=\"Sehr interessante Objekte. Ist es schon wieder soweit?\"\n               data-description=\"Sehr interessante Objekte. Ist es schon wieder soweit?\"\n               data-image-slug=\"img_2928\"\n               class=\"ngg-fancybox\" rel=\"508\">\n                <img\n                    title=\"Sehr interessante Objekte. Ist es schon wieder soweit?\"\n                    alt=\"Sehr interessante Objekte. Ist es schon wieder soweit?\"\n                    src=\"https:\/\/meerlust.frankweiner.de\/wp-content\/gallery\/Sommer-2017\/thumbs\/thumbs_IMG_2928.jpg\"\n                    width=\"240\"\n                    height=\"160\"\n                    style=\"max-width:100%;\"\n                \/>\n            <\/a>\n        <\/div>\n\t\t\t\t\t\t\t<\/div> \n\t\t\t\n        \n\t\t\t\t<div id=\"ngg-image-14\" class=\"ngg-gallery-thumbnail-box\" >\n\t\t\t\t        <div class=\"ngg-gallery-thumbnail\">\n            <a href=\"https:\/\/meerlust.frankweiner.de\/wp-content\/gallery\/Sommer-2017\/IMG_2927.jpg\"\n               title=\"Die Arche Noah von weitem\"\n               data-src=\"https:\/\/meerlust.frankweiner.de\/wp-content\/gallery\/Sommer-2017\/IMG_2927.jpg\"\n               data-thumbnail=\"https:\/\/meerlust.frankweiner.de\/wp-content\/gallery\/Sommer-2017\/thumbs\/thumbs_IMG_2927.jpg\"\n               data-image-id=\"50\"\n               data-title=\"Die Arche Noah von weitem\"\n               data-description=\"Die Arche Noah von weitem\"\n               data-image-slug=\"img_2927\"\n               class=\"ngg-fancybox\" rel=\"508\">\n                <img\n                    title=\"Die Arche Noah von weitem\"\n                    alt=\"Die Arche Noah von weitem\"\n                    src=\"https:\/\/meerlust.frankweiner.de\/wp-content\/gallery\/Sommer-2017\/thumbs\/thumbs_IMG_2927.jpg\"\n                    width=\"240\"\n                    height=\"160\"\n                    style=\"max-width:100%;\"\n                \/>\n            <\/a>\n        <\/div>\n\t\t\t\t\t\t\t<\/div> \n\t\t\t\n        \n\t\t\t\t<div id=\"ngg-image-15\" class=\"ngg-gallery-thumbnail-box\" >\n\t\t\t\t        <div class=\"ngg-gallery-thumbnail\">\n            <a href=\"https:\/\/meerlust.frankweiner.de\/wp-content\/gallery\/Sommer-2017\/IMG_2920.jpg\"\n               title=\"Mast gelegt. Auf zu neuen Ufern\"\n               data-src=\"https:\/\/meerlust.frankweiner.de\/wp-content\/gallery\/Sommer-2017\/IMG_2920.jpg\"\n               data-thumbnail=\"https:\/\/meerlust.frankweiner.de\/wp-content\/gallery\/Sommer-2017\/thumbs\/thumbs_IMG_2920.jpg\"\n               data-image-id=\"46\"\n               data-title=\"Mast gelegt. Auf zu neuen Ufern\"\n               data-description=\"Mast gelegt. Auf zu neuen Ufern\"\n               data-image-slug=\"img_2920\"\n               class=\"ngg-fancybox\" rel=\"508\">\n                <img\n                    title=\"Mast gelegt. Auf zu neuen Ufern\"\n                    alt=\"Mast gelegt. Auf zu neuen Ufern\"\n                    src=\"https:\/\/meerlust.frankweiner.de\/wp-content\/gallery\/Sommer-2017\/thumbs\/thumbs_IMG_2920.jpg\"\n                    width=\"240\"\n                    height=\"160\"\n                    style=\"max-width:100%;\"\n                \/>\n            <\/a>\n        <\/div>\n\t\t\t\t\t\t\t<\/div> \n\t\t\t\n        \n\t\t\n\t\t<!-- Pagination -->\n\t<div class='ngg-clear'><\/div>\t<\/div>\n<\/p>\n","protected":false},"excerpt":{"rendered":"","protected":false},"author":1,"featured_media":0,"parent":17,"menu_order":8,"comment_status":"closed","ping_status":"closed","template":"","meta":{"ngg_post_thumbnail":0},"_links":{"self":[{"href":"https:\/\/meerlust.frankweiner.de\/index.php?rest_route=\/wp\/v2\/pages\/456"}],"collection":[{"href":"https:\/\/meerlust.frankweiner.de\/index.php?rest_route=\/wp\/v2\/pages"}],"about":[{"href":"https:\/\/meerlust.frankweiner.de\/index.php?rest_route=\/wp\/v2\/types\/page"}],"author":[{"embeddable":true,"href":"https:\/\/meerlust.frankweiner.de\/index.php?rest_route=\/wp\/v2\/users\/1"}],"replies":[{"embeddable":true,"href":"https:\/\/meerlust.frankweiner.de\/index.php?rest_route=%2Fwp%2Fv2%2Fcomments&post=456"}],"version-history":[{"count":2,"href":"https:\/\/meerlust.frankweiner.de\/index.php?rest_route=\/wp\/v2\/pages\/456\/revisions"}],"predecessor-version":[{"id":509,"href":"https:\/\/meerlust.frankweiner.de\/index.php?rest_route=\/wp\/v2\/pages\/456\/revisions\/509"}],"up":[{"embeddable":true,"href":"https:\/\/meerlust.frankweiner.de\/index.php?rest_route=\/wp\/v2\/pages\/17"}],"wp:attachment":[{"href":"https:\/\/meerlust.frankweiner.de\/index.php?rest_route=%2Fwp%2Fv2%2Fmedia&parent=456"}],"curies":[{"name":"wp","href":"https:\/\/api.w.org\/{rel}","templated":true}]}}